+ 23. Let n = h + -15. Determine w(n).
-1
Let o(x) = x**3 + 9*x**2 + 9*x + 2. Let z(w) = -28*w - 477. Let q be z(-18). Let f be 1*(-36)/q*(2 - -4). Calculate o(f).
-6
Let f(z) be the first derivative of z**3/3 - 4*z**2 - 4*z - 3. Let j(o) = -91 - 119*o + 54*o - 140 + 57*o. Let k be j(-30). Determine f(k).
5
Let n(d) = 3*d**3 + 9*d**2 + 2*d + 11. Let o(z) = 29*z**3 + 81*z**2 + 16*z + 98. Let g(q) = 19*n(q) - 2*o(q). Determine g(10).
-27
Let k(d) = -d**2 - 6*d + 6. Suppose -2*s + 2 = -26. Let c be (-30)/105 + 508/s. Let u be ((-1)/2)/((-33)/c - -1). Give k(u).
6
Suppose -18*h + 567 = -15*h. Suppose -4*b - 91 - h = 0. Let t = b - -75. Let n(u) = -3*u + 7. Give n(t).
-8
Let a(f) = -2 - 5 + 4*f + 0 + 5. Let l be a(-1). Let o(q) = 3*q + 22. Let d be o(l). Let y(r) = 3*r - 3. What is y(d)?
9
Suppose -194*w = -136*w - 96*w + 76. Let b(p) = p + 0*p - 2 + 19*p. Determine b(w).
38
Let t(u) = -15 + 13*u**2 + 6*u - 16*u**3 + 57*u**3 - 4*u**2 - 23*u**3 - 17*u**3. Determine t(-8).
1
Let q(h) = h**3 + 4*h**2 + 10*h + 1. Let f(p) = -155*p + 1080. Let m be f(7). What is q(m)?
-74
Suppose -3*m - y + 235 = -0*y, 0 = -3*m - 4*y + 247. Let c be (747/9 + -2)/(-1). Let i = c + m. Let n(h) = h**2 + 2. Give n(i).
18
Let r(o) = -13*o**3 - 2*o**2 + 2*o - 11. Let p(s) = 7*s**3 + s**2 - s + 6. Let y(q) = -11*p(q) - 6*r(q). Let t = 26684 - 26687. Determine y(t).
-15
Suppose -3*b + 6 = -3. Suppose b*z = -3*v + 6, -5*v - 26 = -5*z + 4. Let n be 10 + -1 + z/(-6)*3. Let j(r) = -r**2 + 4*r + 9. Give j(n).
-12
Let h(t) be the third derivative of 7/6*t**3 + 0 + 7/24*t**4 - 1/60*t**5 + 26*t**2 + 0*t. Suppose 3*f + 4*i - 22 - 14 = 0, -5*f + 2*i + 34 = 0. Calculate h(f).
-1
Let b(n) = -n + 99*n**2 + 31 - 49*n**2 + 7 - 49*n**2 - 18*n. Give b(17).
4
Let v(s) = -8*s**3 + 4*s**3 + s**2 - 79 + 156 + 4*s - 71 - 2*s. What is v(-2)?
38
Suppose 116 = -4*y - 3*i + 65, -19 = y + 2*i. Let t(o) = -17*o - 156. What is t(y)?
-3
Let a(t) = t**2 - 4*t - 38. Suppose -15 = -5*v, 2*v + 12 = -35*f + 37*f. Calculate a(f).
7
Suppose -2*u = 3*l - 12, -l - 622*u = -618*u - 24. Let s(c) = -13*c - 8. Determine s(l).
-8
Suppose -3*q - 2 = -20. Suppose -556 + 336 = -20*p. Let n(c) = -1 + c - p + 2 + q. What is n(6)?
2
Let r(h) = 2*h**3 + 4*h**2 - 3*h - 4. Let b be (-5 - -70)/(-5) - -4. Let i(k) = -8*k**3 - 17*k**2 + 11*k + 17. Let j(u) = b*r(u) - 2*i(u). Give j(-3).
23
Let p(g) = -g**2 + 21*g + 40. Let j = -7139 - -7162. What is p(j)?
-6
Let v(i) = 2*i + i + 3*i - 65 + 0*i + 44. Give v(6).
15
Let q(s) = -2*s**2 - 26*s - 88. Let g = -15 + 9. Determine q(g).
-4
Let r = 2 + -3. Let v(s) be the first derivative of -s**4 + s**3/3 + s**2/2 + s - 5426. Calculate v(r).
5
Let y be 71/781*11/2. Let j(m) be the first derivative of -25 - m**3 - y*m**2 - m**4 + 0*m. Calculate j(-2).
22
Let n = -2663 - -2682. Let r(k) = k**3 - 21*k**2 + 38*k - 22. Give r(n).
-22
Let w(d) = d**3 + 17*d**2 - 12*d + 109. Let q be w(-18). Let k(r) be the first derivative of -19*r**3/3 - r**2/2 + 20. Give k(q).
-20
Let k(g) = g**2 + 4*g - 7. Suppose -12 = -5*m + 108. Let p = 30 - m. Let c be 3/(p/(-8)) - 2. Determine k(c).
5
Let u be 0 + -1*(1 + -4). Suppose 0*l - 3*h - 9 = -l, -u*l + 3*h + 15 = 0. Let f(v) = l*v - 3*v + 7 - v. What is f(-5)?
12
Suppose 2*g = -2*d + 3*d + 12, 3*g = -3*d. Suppose 5*f - 5*p = 615, 2*p = -f - g*f + 608. Let r = -121 + f. Let i(b) = -3*b - 1. Determine i(r).
-4
Let g(n) = -40*n + 55. Suppose 24 = -3*b + 3*x, -5*b - 188 = 3*x - 220. Determine g(b).
15
Let r(o) = 5630 + 107*o**2 - 111*o**2 + 30*o - 5634. Calculate r(7).
10
Let r = 211 + -213. Let d be 6*r/(-3)*(-33)/22. Let g(z) = z**3 + 5*z**2 - 6*z. Give g(d).
0
Let u = 11 + -12. Let h(o) = 4*o**2 + 2. Let k(j) = j**2 + 1. Let x(c) = -3*c - 14. Let a be x(-5). Let b(l) = a*h(l) - 3*k(l). What is b(u)?
0
Let c(h) = 7 - 1664*h**3 + 12*h + 1662*h**3 + 3*h - 5*h**2 - 5*h**2. Determine c(-6).
-11
Suppose -308 = -4*b + 2*w, 0 = 4*b - 5*w + 81 - 401. Let m(c) = 27*c**2 + 28*c**2 + 8 - b*c**2 + 21*c**2. Calculate m(0).
8
Let j = -104 - -104. Let l(f) = -13*f + 8. Let x(t) = -24*t + 15. Let c(b) = 11*l(b) - 6*x(b). What is c(j)?
-2
Let o(f) = 9*f + 11 - 9*f + f + 0*f. Let r be o(-9). Let a(g) = 4*g**3 - 3*g**r + 51 - 5*g**3 - 49. Calculate a(-2).
-2
Let f(c) be the first derivative of 3*c**2/2 - 78*c + 2298. What is f(28)?
6
Let r be 10703/3619 + 4/94. Let b(l) be the second derivative of -l**5/20 + l**4/2 - 2*l**2 - 2*l. What is b(r)?
23
Let s = 1 - 6. Let n(g) = -4*g**2 + 3*g + 1. Let v(f) = f**3 + 39*f**2 - 35*f - 5. Let l(c) = 9*n(c) + v(c). Calculate l(s).
-6
Let o(f) = 10*f - 9 - 15*f + 7*f. Suppose 0*n + 3*v + 345 = -2*n, 155 = -n - 5*v. Let d be 72/n*(-1 - 19). Calculate o(d).
7
Let f = 108 - 108. Suppose f = 3*p - 13*v + 15*v + 1, 0 = 5*v + 25. Let l(d) = -d**3 + 2*d**2 - d - 2. Calculate l(p).
-14
Let d = -2388 + 2394. Let o(m) be the third derivative of 1/12*m**d + 0*m - 1/12*m**4 + 0 - 7*m**2 - 1/6*m**3 + 0*m**5. Determine o(-1).
-9
Let a(d) = d**2 + 11*d - 2. Let u(b) = b**2 - 16*b - 65. Let n be u(-3). Give a(n).
-26
Let a(q) be the second derivative of q**4/12 + 7*q**3/6 + 15*q**2/2 - 1847*q. Determine a(-6).
9
Let b = -111593 + 111594. Let w(j) = 6*j + j**2 - 2*j + 3*j**3 - 2 - 2*j. What is w(b)?
4
Let u(c) = 2*c**3 + 23*c**2 - 13*c - 15. Let r = -236 - -314. Let h = r - 90. Determine u(h).
-3
Suppose 38*q - 1218 = 31*q. Let c = q + -178. Let i(l) = -2*l**2 + 4*l - 10*l + 0*l**2. What is i(c)?
-8
Let p(w) be the third derivative of -1/3*w**3 - 1/120*w**6 + 0*w + 0 - 1/15*w**5 - 1/6*w**4 + 5*w**2. Let a(x) = 3*x + 60. Let b be a(-21). Calculate p(b).
1
Let x(l) = l**2 - 9*l - 40. Let u(h) = -3*h**2 + 26*h + 114. Let n(j) = 6*u(j) + 17*x(j). Let s = 7 - 4. What is n(s)?
4
Let s(t) = -t**2 + 3*t. Let a be s(3). Suppose 2253*g - 2254*g = -13. Let m(q) = q**2 + 55*q - 55*q + g. Give m(a).
13
Let d(z) = z**3 + 10*z**2 + 10*z + 11. Let u = -39 - -30. Let t be d(u). Let k(n) = 9 - 3*n**2 - 2*n**2 - n**t + 0*n**2 + n**3 - 3*n. What is k(6)?
-9
Let p(u) = -u**3 + 8*u**2 - u - 6. Suppose 2*w + 2*w + 1 = v, 0 = -5*w + v - 1. Let b(x) = -x**3 - x**2 + x + 8. Let r be b(w). Determine p(r).
-14
Let t = 2778 + -2775. Let d(k) be the second derivative of -2/3*k**t + 8*k + 0 + 3/2*k**2 - 1/4*k**4. What is d(2)?
-17
Suppose -3*v + 70 = -2*v - 15*v. Let i(p) = 39*p + 189. Calculate i(v).
-6
Let h(j) = j**2 + 13*j - 14. Suppose 4*s + 64 = -4*c, 4*s + 68 = -606*c + 601*c. What is h(s)?
-26
Let n(l) = 31*l**2 + 21*l**2 - 9*l - 14 - l**3 - 41*l**2. Suppose -k - 45*o + 6 = -41*o, -5*k = o - 49. Give n(k).
-4
Let q(w) = 5*w**2 - 14*w - 6. Let x(l) = -4*l**2 + 13*l + 1. Let k(y) = -3*q(y) - 4*x(y). Let s = 21 - 12. What is k(s)?
5
Let o = 13563 + -13566. Let r(t) = -t**2 + 44*t + 141. What is r(o)?
0
Let u be (-88)/220 + 317/5. Let n(q) = q**2 - 18*q + 6. Let a be n(7). Let t = u + a. Let d(r) = -r**2 - 7*r + 3. Determine d(t).
-5
Let f(v) be the third derivative of v**6/120 - 19*v**5/60 - 5*v**4/6 - v**3/6 - 1362*v**2. Determine f(20).
-1
Let k(d) = -d - 5 + 0 + 29. Suppose 60*l + 18*l = 936. What is k(l)?
12
Let y(i) = -48*i + 45*i + 3 - 4. Let h(g) = -6*g - 87. Let q(n) = -4*n - 58. Let b(c) = -5*h(c) + 8*q(c). Let t be b(-13). Determine y(t).
8
Let l(x) be the third derivative of 0 + 0*x**3 + 46*x - x**2 + 1/60*x**5 - 1/6*x**4. Let q = -19 - -21. What is l(q)?
-4
Let g(v) be the first derivative of -v**4/4 + 14*v**3/3 - 5*v**2 + 11*v - 3529. Calculate g(13).
50
Let m(z) = 60*z - 35*z**2 + 19*z**2 + 8 + 9*z**2 - z**3 - 19*z. Determine m(4).
-4
Let f(b) = -b - 38. Suppose 0 = r + 2*g + 23, 4*g - 16 - 124 = 4*r. Give f(r).
-7
Suppose 0 = -4*x - 5*h - 49, -7 = 2*x - 4*h + 11. Let m(i) = 9*i**2 - 6*i + 17*i + 3 - 1 + 5*i**2 - 13*i**2. What is m(x)?
2
Let k(f) be the first derivative of f**3/3 - 16*f**2 + 83*f + 145. Let y be k(29). Let h(w) = 2*w - 4*w - 4*w**2 + 3*w**3 - 3 - 4*w**3. Determine h(y).
5
Let n(m) = 12*m - 2. Let v(d) be the first derivative of -12*d**2 + 5*d + 113. Let f(y) = 7*n(y) + 3*v(y). What is f(-2)?
-23
Let d(r) be the second derivative of 4*r**3/3 + 21*r**2 + r - 154. Determine d(-5).
2
Let v(a) be the second derivative of -a**5/20 + 25*a**4/12 + 9*a**3/2 - 53*a**2/2 - 4848*a. What is v(26)?
-27
Let x(z) = z**2 + 32*z - 68. Suppose 117 = -3*f - 3*r, -5*r = 2*f 